Calculate 3 - (1 + (-4 - 1)) - 3.
4
What is the value of (2 - -3) + -16 + 7 + -1?
-5
What is the value of 1 + 1 + (0 - (-3 + 2))?
3
What is the value of 3 - (-5 - (4 - 12))?
0
What is the value of 4 + (-11 - (-18 - -9))?
2
Evaluate 17 - 13 - (5 - 1).
0
Evaluate 8 - (-3 - (-21 + 5)).
-5
What is the value of -1 - (4 - 7 - (-1 - 5))?
-4
What is 12 + (-11 + -4 - -9)?
6
Calculate -2 - ((-6 - -3) + 1) - -2.
2
Evaluate 8 - (-8 - -7) - 6.
3
Calculate -6 + 0 - (-14 + (15 - 9)).
2
What is 1 - (-2 + 7 + -3)?
-1
Evaluate -3 + -3 + 0 - -12.
6
Evaluate (-19 + -8 - -22) + 7 + 1.
3
4 + (-2 - (-6 - -4))
4
Calculate 4 - -5 - (11 + 8 + -15).
5
(-4 - (-5 + 3)) + 1
-1
Calculate -8 + (-2 - -4) + 1.
-5
Calculate -1 + (7 - (9 + 4)).
-7
What is -3 - (-3 + 8 + -4)?
-4
What is the value of -10 + (1 + -6 - -13)?
-2
Calculate -6 - -1 - (3 + 4 + -7).
-5
Evaluate 11 - (4 - 2) - 14.
-5
What is 5 - -7 - 13 - (-1 - 2)?
2
Evaluate (-5 - -11 - 15) + 10.
1
What is -1 - (-15 + 11) - 4?
-1
-30 - -19 - (0 - 15)
4
-4 - (-8 - -8) - -5
1
Calculate (-3 - 1 - -8) + (0 - 0).
4
-7 - (-8 + -5) - 5
1
Calculate (-2 + 1 - 4) + 5 - -3.
3
What is -2 + (1 - (5 - 4)) - 1?
-3
What is 4 - 6 - (2 - -1)?
-5
What is the value of 10 + -4 + -3 + 2?
5
What is the value of -2 + 6 + 8 - (-2 + 8)?
6
Calculate -6 - (6 - 5 - 5).
-2
Calculate (14 - 6) + 0 + -15.
-7
What is the value of 2 + -4 + 0 - (20 + -21)?
-1
Evaluate -8 + -4 + 5 + 1 + 2.
-4
What is 2 - (-7 + (0 - -16) + -18)?
11
-3 - (-4 - -7 - 2)
-4
7 - ((-3 - -1) + 6 + -1)
4
-4 - (5 + -3 + 0 - 9)
3
Calculate 2 + (-3 - 3) + 6 - 6.
-4
Calculate 1 + (6 + -3 - 1) + -3.
0
Calculate -3 - (0 - -1 - 6).
2
-1 - -4 - (-5 - -9) - 0
-1
Calculate -2 + (7 - 12) + 12.
5
-2 + 9 + (-4 + 8 - 6)
5
What is 3 - (-1 - -2) - (0 + 3)?
-1
What is the value of (-2 - ((-7 - -2) + -6)) + -8?
1
Calculate 1 + -2 + 10 - (230 + -224).
3
Evaluate (-7 - -14) + -14 - -9.
2
What is the value of -12 - ((13 - 7) + -12)?
-6
Calculate 3 + 3 - (4 - -2 - 2).
2
(5 - 6) + (0 + -1 - -3)
1
5 - (-4 - -3) - 11
-5
Calculate 8 + (1 + 5 + -1 - 6).
7
(3 - (1 + -6)) + -2
6
What is the value of -8 - (-6 - (7 - 8)) - 1?
-4
Evaluate -3 + 2 + -2 + -3.
-6
Evaluate (-7 - 0) + (9 - 7).
-5
What is (3 - 6) + 6 - (6 + -1)?
-2
Evaluate -2 + (-6 - (0 - 4)).
-4
What is the value of 4 - (4 + (-5 - -2) - 3)?
6
-5 + -1 + (52 - 46)
0
3 - ((7 - 18) + 22)
-8
What is (-8 - -11) + (-2 - 3 - 0)?
-2
-1 + (4 + -10 - (2 + -6))
-3
18 + -10 + 1 - 3
6
(-48 - -53) + 1 + -9
-3
-49 + 55 + (-2 - 1)
3
What is the value of 14 - (1 + 7) - 5?
1
Evaluate (0 - 9) + 5 + 7 + 1.
4
What is the value of (-2 - -1) + (1 - 0)?
0
Calculate 1 + -2 + -2 + 2 + -2.
-3
Calculate (6 - -5) + (-34 - -25).
2
Calculate (5 - 5 - -3) + -4.
-1
Evaluate 2 + (0 + -4 - -8) + -5.
1
What is 9 + (-7 - -6) + -15?
-7
6 - ((0 - -3) + 0)
3
What is the value of 1 + -1 - 1 - (-11 - -14)?
-4
(-4 - (-4 - -3) - -3) + 0
0
What is the value of (3 - 5) + 0 + -2 + 2?
-2
Calculate -1 + -4 + (-3 - (-8 + 2)).
-2
What is 4 + -2 + -6 - (2 + -3)?
-3
What is the value of 2 + (6 - (1 - -6))?
1
What is the value of 0 - ((6 - 9) + -6)?
9
What is the value of -2 - 1 - (191 - 186)?
-8
Calculate 0 + 0 - (3 + (-1 - -1)).
-3
What is the value of 2 - (6 + (4 - 1 - 6))?
-1
Calculate 3 - (12 + -19 - -8).
2
Evaluate -4 - (-5 + 1 + (46 - 43)).
-3
-3 + -2 - (-6 + 7 - 3)
-3
Evaluate 1 + 0 + -9 + 2 + 2.
-4
-2 + 9 - 2 - (-55 - -59)
1
Calculate 0 + -2 + (3 - 5 - -6).
2
Evaluate 16 + -34 + 3 + 8.
-7
(-36 + 25 - (-1 + -6)) + 10
6
What is the value of (0 - (-2 - (0 + -1))) + 1?
2
Calculate (4 - -9) + -3 - (8 - 4).
6
-2 + (-4 - (-9 - -5))
-2
Evaluate 14 - 18 - (4 - (0 - -10)).
2
Evaluate (5 - 10) + 2 + 13 + -12.
-2
Calculate -1 - (-4 + 4) - (0 + 4).
-5
(2 - (0 - -3 - 4)) + -6
-3
Calculate 1 + -4 + 0 - (20 - 28).
5
What is the value of (1 - -2) + (9 - (1 - -12))?
-1
Evaluate -2 - (-24 + -11 + 25).
8
Evaluate 2 + 0 - (-3 + -1 + 8).
-2
What is -5 - ((3 - 6) + 3 - 3)?
-2
Calculate -2 + (4 - (8 - 4)) + 2.
0
Calculate -2 + (0 - -5) - (3 + 1).
-1
What is the value of -4 - (-2 + 4) - (3 - 7)?
-2
4 + 2 + -5 - (0 + 0)
1
What is -49 + 57 + (3 - 7)?
4
6 + 3 + -2 + -8 - -3
2
Calculate 3 + (-3 - -1 - -1) + 0.
2
What is the value of 7 + (-8 - -8) - 9?
-2
Calculate -1 + 2 - (40 - 43) - 12.
-8
(-10 - -4) + -7 + 9
-4
What is 0 + 0 + 5 + -4?
1
What is 43 - 40 - ((1 - -7) + 0)?
-5
Calculate (1 - 4 - 1) + 6.
2
What is -2 - -8 - (11 - 6)?
1
Evaluate -7 + (7 - (-3 - 3)).
6
What is 20 + -29 + (2 + -3 - -7)?
-3
What is (13 + -14 - (-2 - -1)) + 2?
2
Calculate (0 - -1) + -5 + 10.
6
What is (1 - 2) + 1 - (3 - 0)?
-3
What is the value of 3 + 0 + (-1 - 4)?
-2
What is 0 - 6 - (7 + -18 - -3)?
2
Calculate -10 + 7 + 12 + -7.
2
What is the value of (-3 - -7) + -8 + 4?
0
1 + (2 - (-4 - -4)) + -3
0
Calculate 7 + -6 + (0 + 7 - -1).
9
(-1 - -5 - 1) + 12 + -21
-6
What is the value of -8 - (6 + -15) - (-3 + 0)?
4
Calculate -8 + 1 - (23 - 28).
-2
What is the value of 0 + -8 + -2 + 3 + 2?
-5
-4 + (2 - 6) + 10 + 0
2
Evaluate -5 + 1 - (-1 + -6) - 0.
3
What is the value of -4 + (9 + -6 - -2)?
1
What is the value of 6 + -3 + 3 + -1?
5
What is (-9 - -20 - 4) + -6?
1
What is the value of -2 + 9 + -8 + 7?
6
0 + (9 + -4 - 0) + -2
3
What is the value of 7 - (-7 + 11) - 8?
-5
Calculate -3 + (-1 - 0) + 3 + -7.
-8
What is the value of 2 + 6 + -18 - -9?
-1
Evaluate -86 - -80 - (-5 + -2).
1
-6 + 9 + -5 + 1
-1
Calculate 6 - 8 - (2 - (2 - 0)).
-2
What is 4 + 7 + -6 + -1?
4
What is the value of -1 + (0 - 4 - (0 - 0))?
-5
Calculate -2 + -5 + (4 - -8).
5
What is the value of 8 - (-4 - -4 - -4)?
4
What is (4 - -2 - 3) + 1 + -1?
3
Evaluate 38 + -32 + -7 + 0.
-1
(3 - 4) + 2 - -4
5
Calculate 0 - (-2 + 7 + 0 + -4).
-1
1 + -9 + 7 + -2
-3
Calculate 0 + -7 + (3 - 0) - -12.
8
Calculate (1 + -1 - -2) + (19 - 15).
6
What is the value of 4 + 9 + -7 + 2 + 0?
8
Evaluate (-4 - 6) + (0 - -5).
-5
What is the value of -4 + 6 + 1 + (2 - 2)?
3
What is (1 - 1) + 0 + -5?
-5
-5 + 1 + 12 + -4
4
(4 - (4 - 4)) + -1
3
-12 - -9 - (-1 + (-2 - -3))
-3
What is 3 + 3 + 6 + -13?
-1
Evaluate -2 + (-9 - -6 - -1).
-4
Evaluate 1 - (-2 - (-4 - -5) - -4).
0
What is -1 - -2 - (17 - 22)?
6
What is the value of -4 + 1 + (5 + 0 - 6)?
-4
Calculate 6 + -1 + -5 - (-2 - 1).
3
(-3 - 1) + (-3 - -4 - -3)
0
2 + -3 - (0 - (-2 + 6))
3
11 + 1 - (-102 + 111)
3
What is the value of 2 - (3 + -2) - 6?
-5
(0 - 2) + (25 - 31)
-8
Evaluate 3 + -6 + (-3 - -10) + -7.
-3
What is 8 + (-3 - 2) - 2?
1
What is (-45 - -43) + 1 + 1?
0
What is (4 - (-3 + 4)) + -3 + -5?
-5
What is (-1 - 0) + 2 + (4 - 5)?
0
What is the value of -1 + 0 + (6 + 0 - -2)?
7
Evaluate 0 - 0 - (-4 + 5 - 6).
5
Evaluate (4 + 14 - 15) + -1 + -1.
1
(-4 - 0) + 8 - 2 - 1
1
Evaluate (5 + -1 - (5 - 0)) + 3.
2
What is the value of 0 + 1 - (4 + 8 + -9)?
-2
What is -1 + (2 - 5) + 0 + 1?
-3
Evaluate (-46 - -39) + (7 - 1) - -7.
6
2 + 5 + -11 + 5 - 6
-5
What is 5 - (1 + -5 - -10)?
-1
What is the value of 7 + 7 + (-15 - (-5 + 4))?
0
What is 9 + -2 + (22 - 14) + -16?
-1
2 - ((-9 - -11) + -4)
4
What is 1 - (-4 - (4 + -6))?
3
Evaluate 4 + (-1 - (-2 + 1 + 4)).
0
Evaluate (-3 - -8 - 15) + 8.
-2
Calculate -3 + 1 + (-9 + 4 - -7).
0
Calculate 1 + 5 + -7 + 4 + 0.
3
Evaluate 2 + 1 - (5 - 7 - -6).
-1
What is 2 + -2 + 4 + 100 + -97?
7
Calculate (-2 + 1 - 3) + (28 - 19).
5
What is 1 - (-69 - -62 - (-4 - 0))?
4
What is the value of 28 + -25 - (0 - -6)?
-3
What is 4 + 6 - 4 - (3 + 1)?
2
What is 2 + (-11 - 0) + 1?
-8
Calculate (5 - 6 - 7) + -4 - -7.
-5
-6 + 12 - (2 - -3)
1
What is -8 + 17 + (-12 - 2)?
-5
What is the value of 4 - (2 + (7 - 2))?
-3
Evaluate -3 + (2 - 8) - -4.
-5
What is the value of 1 + (-5 + 1 + 3 - -5)?
5
Calculate -2 + (-3 - (4 + -6 + 2)).
-5
Evaluate 2 - (5 + (3 - (-5 - -6))).
-5
What is the value of (2 - -1) + 5 + -9?
-1
Calculate -6 + 5 + (4 - 2).
1
What is the value of -82 - -75 - (-1 - (-2 + 6))?
-2
Calculate (-1 - -5) + -8 - -8.
4
Evaluate 0 + 1 - (-3 + 2 + 0).
2
Calculate (-16 - -13 - (0 - 1)) + -2.
-4
Evaluate (-10 - (14 + -8)) + -2 + 8.
-10
1 + -1 + (30 - 23)
7
Evaluate -8 - -9 - (1 + -4) - 7.
-3
1 - (-5 - -2) - (-1 - -11)
-6
What is -1 + 2 + -8 + 3?
-4
Calculate (0 - 6) + (-5 - 0) + 2.
-9
-2 - (-3 + 4 + -2)
-1
-22 + -12 + 21 - (0 - 5)
-8
Calculate -11 + 1 + 12 + -7.
-5
What is the value of (2 - 5) + (-2 - -5 - -2)?
2
What is -3 - (3 + -13 + 7)?
0
Evaluate -7 - -2 - (0